 p. Calculate the remainder when p is divided by 22.
21
Let r(i) = 2*i - 9. Suppose 2*z - 70 = -4*g, 0 = 4*g + 4*z + 7 - 75. Calculate the remainder when g is divided by r(8).
4
Let c = -74 - -106. Calculate the remainder when 223 is divided by c.
31
Suppose -h + 4*h - 5*d = 37, 0 = -h + 2*d + 14. Let j(r) = -2*r - 8. Let z be j(-6). Suppose 10 = 3*x + z. What is the remainder when h is divided by x?
0
Suppose 17 = 10*a - 9*a. Calculate the remainder when 101 is divided by a.
16
Suppose 0 = x - 5*l - 26, l - 12 - 8 = -x. What is the remainder when 61 is divided by x?
19
Let p be 0 + -1 + 2 - 0. Let o be (-4)/12*(-1 + -2). Let w = o + p. What is the remainder when w is divided by 1?
0
Let m(s) = -s**2 + s - 1. Let x(h) = -5*h**2 - 6*h + 5. Let a(c) = -6*m(c) - x(c). What is the remainder when ((-153)/(-6))/(3/4) is divided by a(-1)?
10
Let c = -213 + 312. Suppose -4*m + c = -65. Calculate the remainder when m is divided by 14.
13
Let c(p) = -p - 1. Let i(r) = -3*r**2 + 6*r - 1. Let x(v) = -3*c(v) - i(v). Let g be x(3). Let q = -15 + g. What is the remainder when q is divided by 5?
2
Suppose 3*p + 36 + 24 = 0. Let a = 31 + p. Calculate the remainder when 21 is divided by a.
10
Let j(k) = -3*k - 22. Calculate the remainder when j(-15) is divided by 12.
11
Let n(y) = 2*y - 4. Calculate the remainder when 11 is divided by n(4).
3
Let u be 60/9 - ((-8)/3)/(-4). Let p = 1 - 0. Let x = u - p. What is the remainder when 9 is divided by x?
4
Suppose -5*f = f - 48. What is the remainder when 29 is divided by f?
5
Let v = -23 - -14. What is the remainder when 2/v + (-362)/(-9) is divided by 21?
19
Suppose 17 - 9 = 2*n. What is the remainder when n is divided by 3?
1
Suppose b - 6 = -b. Let k be 1*(-2)/1*-12. Suppose 0 = 3*w - y - k, 0 = w - 2*y - 0*y - 8. What is the remainder when w is divided by b?
2
Suppose 0*y = -4*y + 8. Suppose 5*w = 102 - y. Calculate the remainder when 59 is divided by w.
19
Let b(j) = 2*j**2 - 4*j - 2. Suppose 0 = t + 4*k + 10, 0*k + k + 3 = 0. Suppose t*w = 6 + 10. What is the remainder when b(4) is divided by w?
6
Let b be (1 + 0)*(-15)/(-3). Suppose -5*o = b, 6*c - 25 = 2*c - 3*o. What is the remainder when c is divided by 2?
1
Calculate the remainder when 51/6 + 2/(-4) + -3 is divided by 4.
1
Let l(x) = 52*x**3 - x + 2. What is the remainder when l(1) is divided by 19?
15
Let v(i) = -3 + 0*i - 8*i + 0*i. Calculate the remainder when v(-2) is divided by 4.
1
Suppose -92 = -2*v - 32. What is the remainder when 59 is divided by v?
29
Suppose -4*a = -0 - 20. Calculate the remainder when 1*-1 + a + 48 is divided by 18.
16
What is the remainder when -4 + 2 + 38 + -1 is divided by 9?
8
Suppose -3*r + 2*s + 0*s = -63, -3*r - 4*s + 63 = 0. Suppose -4 = -2*k, 5*k - 43 = -x - 2*x. What is the remainder when r is divided by x?
10
Suppose 4*x + 6 = 2*o, 0 = -4*o + 3*x - 8*x + 12. Let j = o - -19. What is the remainder when j is divided by 6?
4
Suppose 4*q - 101 = 27. Calculate the remainder when 127 is divided by q.
31
Suppose -f = 0, -5*f - 26 = 5*o - 156. Let i(a) = -2*a**2 + 2*a + 2. Let u be i(2). What is the remainder when o is divided by ((-36)/(-20))/(u/(-10))?
8
Suppose -4 + 15 = 2*b + 5*l, 5 = 5*l. Suppose -b*o + 83 + 43 = 0. What is the remainder when o is divided by 11?
9
Suppose -b = 2*b - 2*s - 473, 0 = 5*b - 4*s - 791. Calculate the remainder when b is divided by 39.
38
Suppose 0 = 4*o - 118 - 6. Suppose -5*c + 27 = -p, -4*p + p - 1 = c. Suppose -c*u = 4*k - 39, u - 18 = -u - k. Calculate the remainder when o is divided by u.
9
Let w = 5 + -5. What is the remainder when 22 - (-6)/(w - 3) is divided by 11?
9
Suppose 2*w - 38 - 322 = 0. Suppose 3*s = -s + w. Suppose 4*d = -2*c + 24, -2*c - d = -4*d - 24. Calculate the remainder when s is divided by c.
9
Suppose 5*t - 50 = 3*t. Calculate the remainder when 123 is divided by t.
23
Calculate the remainder when 35 is divided by (18/7)/((-30)/(-140)).
11
Suppose 5*c + 4*u - 141 = 0, 0 = 2*c + c - 3*u - 90. Calculate the remainder when c is divided by 1*(-5 - -4)*(-17 - -1).
13
Calculate the remainder when 48 is divided by (-12)/42 - (-531)/21.
23
Let k(z) = -16 + 11*z**2 + 14*z**2 + 18. What is the remainder when k(-2) is divided by 26?
24
Let f = 31 + -19. Calculate the remainder when 33 is divided by f.
9
Let y be (2 + (-9)/12)*4. Let a(q) = q**3 - 5*q**2 - q + 5. Let x be a(y). What is the remainder when 8 is divided by 1 + (2 + x)*2?
3
Suppose y = 2*l + 6*y - 13, l = 4*y + 26. Calculate the remainder when 27 is divided by l.
13
Calculate the remainder when 3/(5 + -2)*2 is divided by 1.
0
What is the remainder when (-105)/(2/(-2))*78/130 is divided by 23?
17
Suppose 3*w - 75 = -0*w. Suppose 4*s = 3*f + 34, -5*s = -0*s - 4*f - 43. Calculate the remainder when w is divided by s.
4
Suppose 3*i + i = 312. Suppose 2*n - 5*n + i = 0. What is the remainder when n is divided by (-1)/1 + 9 + 1?
8
Let d be (-1)/(-2)*(-30)/5. Let b = d - 0. What is the remainder when (22/3)/(b/(-9)) is divided by 8?
6
Suppose -3*y = -2*y - 2. Suppose 2*c + 0*c = 5*o + 58, -4*c + y*o = -84. Calculate the remainder when c is divided by 5.
4
Let i be 6/(-4) + (-25)/2. Let c = -8 - i. Let o = c + 2. What is the remainder when 14 is divided by o?
6
Suppose 3*r + 1 - 60 = -4*y, 2*y + r - 29 = 0. What is the remainder when 50 is divided by y?
8
Suppose 87 = 4*w - 9. Calculate the remainder when 141 is divided by w.
21
Calculate the remainder when 73 is divided by -3*1/2*-2 + 16.
16
Suppose -475 = -4*l + 405. Suppose -q - 3*t + l = 3*q, -3*q = 5*t - 154. Suppose 3*g - 72 = -12. Calculate the remainder when q is divided by g.
18
Let w = -28 - -68. Calculate the remainder when w is divided by 23.
17
Suppose 2*p = 106 + 32. Calculate the remainder when p is divided by 24.
21
Let v(h) = -h**3 - 3*h - 4. Calculate the remainder when 39 is divided by v(-2).
9
Suppose 15 = -3*k, -k - 17 + 0 = 2*p. Calculate the remainder when 16 is divided by (p/(-12))/((-1)/(-12)).
4
Suppose -6*s = -11*s + 120. Calculate the remainder when s is divided by 9.
6
Let j = 91 + -44. What is the remainder when j is divided by 25?
22
Suppose 87 = 3*k - 6. What is the remainder when 122 is divided by k?
29
Suppose -3*g - 1 = x - 8, g - 13 = -3*x. Suppose x*m - 105 = m. Suppose -m = -a + 5*w, w - 156 = -4*a + 5*w. What is the remainder when a is divided by 14?
12
Let n(x) = 2*x + 6. Calculate the remainder when 34 is divided by n(3).
10
Suppose 0 + 13 = q. Calculate the remainder when 35 is divided by q.
9
Let h(r) = r**2 - 11*r + 7. Calculate the remainder when h(13) is divided by 18.
15
Suppose -t + 0 + 8 = 0. Let q(c) = -2*c + 14. Calculate the remainder when q(0) is divided by t.
6
Suppose 5*g + 3*n = -0*g + 8, 5*n = -20. What is the remainder when 10 is divided by g?
2
Let a = 151 - 74. Calculate the remainder when a is divided by 12 + 4 - (0 - 4).
17
Let a be (-3)/((-6)/70)*1. Let u = 49 - a. Calculate the remainder when 26 is divided by u.
12
Let p(o) = -o**3 - o**2 + 27*o + 7. Calculate the remainder when 198 is divided by p(-6).
23
Let y = 72 + -65. Let s = 33 + -14. What is the remainder when s is divided by y?
5
Suppose 4 = 2*y - 3*y, 4*q + 16 = -3*y. Let d(t) = t + 2. What is the remainder when 10*((-2)/4 - q) is divided by d(0)?
1
Suppose -48 = 3*i - 0*i. Let c be (i/10)/(1/5). Let f = 28 + c. What is the remainder when f is divided by 11?
9
Suppose -14*b + 15*b - 4 = 0. Calculate the remainder when 38*(5/2)/5 is divided by b.
3
Suppose 0 = -3*h - 4*i + 35, h + i + 3*i - 17 = 0. Suppose 7 + h = j. Calculate the remainder when j is divided by 6.
4
Suppose -g - g + 4*q + 10 = 0, 5*g + 8 = -q. Let c be 2 - 12 - g*1. Let y = c + 15. Calculate the remainder when y is divided by 4.
2
Let z(a) = 6*a + 8. Calculate the remainder when 127 is divided by z(4).
31
Let s = -4 - -4. Let w be s + (-3 + 0)*-1. Suppose -w*m = 2*m - 15. Calculate the remainder when 5 is divided by m.
2
Suppose 78 = 181*j - 175*j. Calculate the remainder when 88 is divided by j.
10
Let t(b) = b**3 + 10*b**2 + 17*b + 18. What is the remainder when t(-8) is divided by ((-6)/15)/((-2)/30)?
4
Suppose 5*y - 244 - 31 = 0. Suppose 5*v - 2*t = y, -5*t - 1 = v - 12. Calculate the remainder when 53 is divided by v.
9
Suppose 5 = a - 29. What is the remainder when a is divi